[INFO] cloning repository https://github.com/Liu-WeiHu/mir2_tools
[INFO] running `Command { std: "git" "-c" "credential.helper=" "-c" "credential.helper=/workspace/cargo-home/bin/git-credential-null" "clone" "--bare" "https://github.com/Liu-WeiHu/mir2_tools" "/workspace/cache/git-repos/https%3A%2F%2Fgithub.com%2FLiu-WeiHu%2Fmir2_tools", kill_on_drop: false }`
[INFO] [stderr] Cloning into bare repository '/workspace/cache/git-repos/https%3A%2F%2Fgithub.com%2FLiu-WeiHu%2Fmir2_tools'...
[INFO] running `Command { std: "git" "rev-parse" "HEAD", kill_on_drop: false }`
[INFO] [stdout] e3b163a084cf89f85be0ff24c845bef3fd4b4320
[INFO] checking Liu-WeiHu/mir2_tools against master#9610dfe5a9a731ced1ea4923ecbd0c57fe367898 for beta-170-4
[INFO] running `Command { std: "git" "clone" "/workspace/cache/git-repos/https%3A%2F%2Fgithub.com%2FLiu-WeiHu%2Fmir2_tools" "/workspace/builds/worker-6-tc1/source", kill_on_drop: false }`
[INFO] [stderr] Cloning into '/workspace/builds/worker-6-tc1/source'...
[INFO] [stderr] done.
[INFO] validating manifest of git repo https://github.com/Liu-WeiHu/mir2_tools on toolchain 9610dfe5a9a731ced1ea4923ecbd0c57fe367898
[INFO] running `Command { std: CARGO_HOME="/workspace/cargo-home" RUSTUP_HOME="/workspace/rustup-home" "/workspace/cargo-home/bin/cargo" "+9610dfe5a9a731ced1ea4923ecbd0c57fe367898" "metadata" "--manifest-path" "Cargo.toml" "--no-deps", kill_on_drop: false }`
[INFO] started tweaking git repo https://github.com/Liu-WeiHu/mir2_tools
[INFO] finished tweaking git repo https://github.com/Liu-WeiHu/mir2_tools
[INFO] tweaked toml for git repo https://github.com/Liu-WeiHu/mir2_tools written to /workspace/builds/worker-6-tc1/source/Cargo.toml
[INFO] crate git repo https://github.com/Liu-WeiHu/mir2_tools already has a lockfile, it will not be regenerated
[INFO] running `Command { std: CARGO_HOME="/workspace/cargo-home" RUSTUP_HOME="/workspace/rustup-home" "/workspace/cargo-home/bin/cargo" "+9610dfe5a9a731ced1ea4923ecbd0c57fe367898" "fetch" "--manifest-path" "Cargo.toml", kill_on_drop: false }`
[INFO] running `Command { std: "docker" "create" "-v" "/var/lib/crater-agent-workspace/builds/worker-6-tc1/target:/opt/rustwide/target:rw,Z" "-v" "/var/lib/crater-agent-workspace/builds/worker-6-tc1/source:/opt/rustwide/workdir:ro,Z" "-v" "/var/lib/crater-agent-workspace/cargo-home:/opt/rustwide/cargo-home:ro,Z" "-v" "/var/lib/crater-agent-workspace/rustup-home:/opt/rustwide/rustup-home:ro,Z" "-e" "SOURCE_DIR=/opt/rustwide/workdir" "-e" "CARGO_TARGET_DIR=/opt/rustwide/target" "-e" "CARGO_HOME=/opt/rustwide/cargo-home" "-e" "RUSTUP_HOME=/opt/rustwide/rustup-home" "-w" "/opt/rustwide/workdir" "-m" "1610612736" "--user" "0:0" "--network" "none" "ghcr.io/rust-lang/crates-build-env/linux@sha256:19e73879b68f455e41552ea35293514db52ea292d993f571636dbffedb77a1ee" "/opt/rustwide/cargo-home/bin/cargo" "+9610dfe5a9a731ced1ea4923ecbd0c57fe367898" "metadata" "--no-deps" "--format-version=1", kill_on_drop: false }`
[INFO] [stdout] c11c37e0b6c02938f009df53cbfc4099d14af7d23e2015acd6634508a9763f93
[INFO] running `Command { std: "docker" "start" "-a" "c11c37e0b6c02938f009df53cbfc4099d14af7d23e2015acd6634508a9763f93", kill_on_drop: false }`
[INFO] running `Command { std: "docker" "inspect" "c11c37e0b6c02938f009df53cbfc4099d14af7d23e2015acd6634508a9763f93", kill_on_drop: false }`
[INFO] running `Command { std: "docker" "rm" "-f" "c11c37e0b6c02938f009df53cbfc4099d14af7d23e2015acd6634508a9763f93", kill_on_drop: false }`
[INFO] [stdout] c11c37e0b6c02938f009df53cbfc4099d14af7d23e2015acd6634508a9763f93
[INFO] running `Command { std: "docker" "create" "-v" "/var/lib/crater-agent-workspace/builds/worker-6-tc1/target:/opt/rustwide/target:rw,Z" "-v" "/var/lib/crater-agent-workspace/builds/worker-6-tc1/source:/opt/rustwide/workdir:ro,Z" "-v" "/var/lib/crater-agent-workspace/cargo-home:/opt/rustwide/cargo-home:ro,Z" "-v" "/var/lib/crater-agent-workspace/rustup-home:/opt/rustwide/rustup-home:ro,Z" "-e" "SOURCE_DIR=/opt/rustwide/workdir" "-e" "CARGO_TARGET_DIR=/opt/rustwide/target" "-e" "CARGO_INCREMENTAL=0" "-e" "RUST_BACKTRACE=full" "-e" "RUSTFLAGS=--cap-lints=forbid" "-e" "RUSTDOCFLAGS=--cap-lints=forbid" "-e" "CARGO_HOME=/opt/rustwide/cargo-home" "-e" "RUSTUP_HOME=/opt/rustwide/rustup-home" "-w" "/opt/rustwide/workdir" "-m" "1610612736" "--user" "0:0" "--network" "none" "ghcr.io/rust-lang/crates-build-env/linux@sha256:19e73879b68f455e41552ea35293514db52ea292d993f571636dbffedb77a1ee" "/opt/rustwide/cargo-home/bin/cargo" "+9610dfe5a9a731ced1ea4923ecbd0c57fe367898" "check" "--frozen" "--all" "--all-targets" "--message-format=json", kill_on_drop: false }`
[INFO] [stdout] a3bc9f45f4181b5144f7889dbdc7c9756f82f85373703daf6ff735253f99fb5f
[INFO] running `Command { std: "docker" "start" "-a" "a3bc9f45f4181b5144f7889dbdc7c9756f82f85373703daf6ff735253f99fb5f", kill_on_drop: false }`
[INFO] [stderr]     Checking same-file v1.0.6
[INFO] [stderr]     Checking map_replace_tool v0.1.0 (/opt/rustwide/workdir/map_replace_tool)
[INFO] [stderr]     Checking mir2_tools v0.1.0 (/opt/rustwide/workdir)
[INFO] [stderr]     Checking npc_replace_tool v0.1.0 (/opt/rustwide/workdir/npc_replace_tool)
[INFO] [stderr]     Checking big_map_replace_tool v0.1.0 (/opt/rustwide/workdir/big_map_replace_tool)
[INFO] [stderr]     Checking wu_xian_tiao_zhan_replace_tool v0.1.0 (/opt/rustwide/workdir/wu_xian_tiao_zhan_replace_tool)
[INFO] [stderr]     Checking walkdir v2.3.2
[INFO] [stderr]     Checking npcitem_replace_tool v0.1.0 (/opt/rustwide/workdir/npcitem_replace_tool)
[INFO] [stderr]     Checking item_replace_tool v0.1.0 (/opt/rustwide/workdir/item_replace_tool)
[INFO] [stderr]     Checking add_drops_tool v0.1.0 (/opt/rustwide/workdir/add_drops_tool)
[INFO] [stdout] error[E0433]: failed to resolve: could not find `windows` in `os`
[INFO] [stdout]  --> add_drops_tool/src/main.rs:2:14
[INFO] [stdout]   |
[INFO] [stdout] 2 | use std::os::windows::prelude::FileExt;
[INFO] [stdout]   |              ^^^^^^^ could not find `windows` in `os`
[INFO] [stdout] 
[INFO] [stdout] 
[INFO] [stdout] error[E0433]: failed to resolve: could not find `windows` in `os`
[INFO] [stdout]  --> add_drops_tool/src/main.rs:2:14
[INFO] [stdout]   |
[INFO] [stdout] 2 | use std::os::windows::prelude::FileExt;
[INFO] [stdout]   |              ^^^^^^^ could not find `windows` in `os`
[INFO] [stdout] 
[INFO] [stdout] 
[INFO] [stdout] error[E0599]: no method named `seek_write` found for struct `File` in the current scope
[INFO] [stdout]   --> add_drops_tool/src/main.rs:23:18
[INFO] [stdout]    |
[INFO] [stdout] 23 |             file.seek_write(content.as_bytes(), len as u64)?;
[INFO] [stdout]    |                  ^^^^^^^^^^ method not found in `File`
[INFO] [stdout] 
[INFO] [stdout] 
[INFO] [stdout] error[E0599]: no method named `seek_write` found for struct `File` in the current scope
[INFO] [stdout]   --> add_drops_tool/src/main.rs:23:18
[INFO] [stdout]    |
[INFO] [stdout] 23 |             file.seek_write(content.as_bytes(), len as u64)?;
[INFO] [stdout]    |                  ^^^^^^^^^^ method not found in `File`
[INFO] [stdout] 
[INFO] [stdout] 
[INFO] [stdout] error[E0599]: no method named `seek_write` found for struct `File` in the current scope
[INFO] [stdout]   --> add_drops_tool/src/main.rs:30:18
[INFO] [stdout]    |
[INFO] [stdout] 30 |             file.seek_write(content.as_bytes(), len as u64)?;
[INFO] [stdout]    |                  ^^^^^^^^^^ method not found in `File`
[INFO] [stdout] 
[INFO] [stdout] 
[INFO] [stdout] error[E0599]: no method named `seek_write` found for struct `File` in the current scope
[INFO] [stdout]   --> add_drops_tool/src/main.rs:30:18
[INFO] [stdout]    |
[INFO] [stdout] 30 |             file.seek_write(content.as_bytes(), len as u64)?;
[INFO] [stdout]    |                  ^^^^^^^^^^ method not found in `File`
[INFO] [stdout] 
[INFO] [stdout] 
[INFO] [stdout] error: aborting due to 3 previous errors
[INFO] [stdout] 
[INFO] [stdout] 
[INFO] [stdout] Some errors have detailed explanations: E0433, E0599.
[INFO] [stdout] 
[INFO] [stdout] For more information about an error, try `rustc --explain E0433`.
[INFO] [stdout] 
[INFO] [stdout] error: aborting due to 3 previous errors
[INFO] [stdout] 
[INFO] [stdout] 
[INFO] [stdout] Some errors have detailed explanations: E0433, E0599.
[INFO] [stdout] 
[INFO] [stdout] For more information about an error, try `rustc --explain E0433`.
[INFO] [stdout] 
[INFO] [stderr] error: could not compile `add_drops_tool` (bin "add_drops_tool" test) due to 4 previous errors
[INFO] [stderr] warning: build failed, waiting for other jobs to finish...
[INFO] [stderr] error: could not compile `add_drops_tool` (bin "add_drops_tool") due to 4 previous errors
[INFO] running `Command { std: "docker" "inspect" "a3bc9f45f4181b5144f7889dbdc7c9756f82f85373703daf6ff735253f99fb5f", kill_on_drop: false }`
[INFO] running `Command { std: "docker" "rm" "-f" "a3bc9f45f4181b5144f7889dbdc7c9756f82f85373703daf6ff735253f99fb5f", kill_on_drop: false }`
[INFO] [stdout] a3bc9f45f4181b5144f7889dbdc7c9756f82f85373703daf6ff735253f99fb5f
